t of o?
7
Suppose 6*f = -8*f + 6678. What is the tens digit of f?
7
Suppose 4*f + 17464 = 5*d + 5603, 11869 = 5*d + 4*f. What is the units digit of d?
3
Let d be (-6)/(-1)*(-20)/(-24). Let m(w) = w**2 - 5*w + 5. Let p be m(d). Suppose 0*x + 173 = 4*r + 3*x, p*r - 2*x = 199. What is the tens digit of r?
4
What is the tens digit of ((-12)/(-16))/(3/1836)?
5
Suppose -337*g = -339*g + 10. Suppose -16 = -5*j - 2*i - 2*i, -3*j + 12 = 3*i. Suppose x - 5*a - 32 = j, g*x + 0*a = -2*a + 295. What is the tens digit of x?
5
Let a = 4 + -3. Suppose -2*t = 4*t - 36. Let k = t - a. What is the units digit of k?
5
Let t = 2336 - 1343. What is the units digit of t?
3
Let p = 1060 + -523. What is the hundreds digit of p?
5
What is the hundreds digit of (264/14)/((-124)/(-20398))?
1
Let z(a) = -5*a**3 - 4*a**2 + 10*a + 17. Let p be z(-5). Suppose 66*t = 62*t + p. What is the tens digit of t?
2
Suppose -10752 = -9*b - 7*b. What is the units digit of b?
2
Suppose 175 = 4*w + 5*k - 57, -122 = -2*w - 4*k. Let u = w + 21. What is the units digit of u?
4
Suppose 2*k - 3*m = 11 + 24, 3*k + 3*m - 45 = 0. Let s = 31 + k. What is the units digit of s?
7
Suppose 0 = 3*h - 4*l - 7954, -8*h + 2*l + 7952 = -5*h. What is the thousands digit of h?
2
Let h(n) = n**2 + n - 18. Let i be h(8). Suppose 2*g = j - i, -5*j - 2*g = 3*g - 270. What is the tens digit of j?
5
Let r(s) = 93*s - 100. What is the hundreds digit of r(11)?
9
Let z(a) = 15*a - 6*a - 11*a + 21 - 14. Let s(v) = v**2 - 3*v. Let o be s(3). What is the units digit of z(o)?
7
Let q(h) = h**3 + 9*h**2 - 8*h + 7. Let k be q(-10). Let u be k/(-52) + (-767)/(-4). Suppose -12*z + 16*z = u. What is the tens digit of z?
4
Let r(g) = 2*g - 3. Let d be r(6). Let s(w) = w**3 - 8*w**2 - 10*w + 5. Let l be s(d). What is the tens digit of (l/12)/(1/(-36))?
1
Let i(g) be the first derivative of g**2 - 1/4*g**4 + 2 + 2*g + 1/3*g**3. What is the units digit of i(-1)?
2
Let x(r) = 12*r - 47. What is the hundreds digit of x(29)?
3
Let f = 2 - -38. What is the units digit of (-1)/((f/15)/(-8))?
3
Let y = 555 + -429. What is the tens digit of y?
2
Suppose -5*d + 36 = -11*d. What is the tens digit of ((-128)/d)/(4/18)?
9
Let k(l) = 13*l**2 - 36*l. What is the units digit of k(12)?
0
Suppose -5*d = 2*w, -d = 3*w - 8*w. Suppose -3*r - 5 - 4 = w. Let h(n) = n**3 + 3*n**2 - 4*n - 3. What is the units digit of h(r)?
9
Suppose 0 = -28*v + 56320 - 1776. What is the thousands digit of v?
1
Let f = -1100 + 754. Let y = 531 + f. What is the tens digit of y?
8
Suppose 3*y + 19 = -4*k, -y = 2*k - 3*y + 6. Let l be ((-9)/k - 3)*-72. Suppose -2*c + 18 = -l. What is the tens digit of c?
3
What is the tens digit of (1/(-3))/((-11)/91146)?
6
Let f = 182 + 132. What is the units digit of f?
4
Let k be 1*(-10)/(-4)*16. Let d = 0 - -4. Suppose -d*g - k = -140. What is the units digit of g?
5
Let r be (-3)/((-12)/(-32)) - 3. Let y = r + 14. Suppose 0 = 3*m - 15 + y. What is the units digit of m?
4
Let q(k) = 3*k**2 - 7*k - 1. Let o(j) = 6*j - 30. Let v be o(6). What is the units digit of q(v)?
5
Suppose 3470 - 503 = 3*f. What is the units digit of f?
9
Let u(j) = -j**2 - 7*j - 7. Let x be u(-5). Suppose -2*l - x*l + 10 = 0. Suppose o = r + 13, l*o + 67 = 6*o - r. What is the tens digit of o?
1
Let m(h) = h**3 - 3*h**2 - 7*h - 11. Let w be m(5). Suppose -2*u - 5*a = -w*u + 382, 5*a = -20. What is the units digit of u?
1
Let s be ((4 - 1) + -4)*227*-1. Suppose -109 - s = -4*f. What is the tens digit of f?
8
What is the units digit of (1 + 352/(-4))/((-2)/2)?
7
Let k(h) = -h**3 - 11*h**2 + 5. Let x(v) = v**3 + 12*v**2 - v - 4. Let r(g) = 6*k(g) + 5*x(g). Let b = -1063 + 1057. What is the tens digit of r(b)?
4
Let r(j) = -6*j - 1. Let b(i) = i**2 - 6*i - 7. Let l be b(7). Suppose 5*z + 0*t + 2*t + 6 = l, -5*z = -t + 12. What is the units digit of r(z)?
1
Let u(c) = -c**3 - 5*c**2 - 3*c + 2001. What is the units digit of u(0)?
1
Let a = -37 - -23. Let c = 17 - a. What is the units digit of c?
1
Suppose -60 = -0*p - 4*p. Suppose -16*r = -p*r + 9. What is the units digit of (-2)/(6/r) + -2?
1
Suppose 0*s - 20 = -2*s. Suppose -4*y = y - 5*h - 535, 2*h = s. Suppose -65 = -3*w + 2*u, -4*w - 3*u = 31 - y. What is the units digit of w?
1
Let o(n) be the first derivative of n**4/4 - 5*n**3/3 + 2*n**2 + 3*n + 4. Let p be o(4). Suppose p*s - 2*s = 22. What is the units digit of s?
2
Let c = 696 + -208. What is the hundreds digit of c?
4
Let m = 2833 + -94. What is the units digit of m?
9
Suppose -3*k + 21 - 6 = 0. Let q = k - 3. Suppose 2*i = q*t - i - 3, 27 = 4*t + i. What is the units digit of t?
6
Let s(m) = -4*m - 32. Let b be s(-8). Suppose 5*v - 445 - 280 = b. What is the hundreds digit of v?
1
Let y = -118 - -108. Suppose -2*w = -w + 60. What is the units digit of ((-10)/(-3))/(y/w)?
0
Suppose -4*z + 2*x + 748 = 0, -z + 88 = -2*x - 96. What is the units digit of z?
8
Suppose 0 = 3*z + j - 917, z - 3*j + 0*j - 289 = 0. What is the units digit of z?
4
Let w(f) = 8*f**2 + 8 - 7*f**2 + f**3 + 5*f**2 + 11*f + 4*f**2. What is the tens digit of w(-8)?
4
Let j = 1541 - -1199. What is the thousands digit of j?
2
Let z = 6042 + -4102. What is the units digit of z?
0
Suppose 0 = j - 2*j. Suppose 0 = -4*b - j*p - p + 14, 2*b - 5*p - 18 = 0. Suppose -9 = -l - n - b*n, -n = 5*l - 93. What is the units digit of l?
9
Suppose -5*y = 3*m - 3340, 0 = 4*y - 2*m + 4*m - 2672. Let c = y + -475. What is the hundreds digit of c?
1
Suppose -k + 17 = -3*u, 4*k - 2*u = u + 23. Suppose -k*c - c = -42. What is the units digit of c?
4
Let g be (-23 - 0)*(-2 + 1 + -1). Let x = 361 - g. What is the tens digit of x?
1
Let t(c) = -2*c + 6. Suppose -w - 9 = -0*w. Let j be t(w). Suppose 0*y + j = 2*y. What is the tens digit of y?
1
Let g(j) = 30*j + 130. What is the units digit of g(23)?
0
What is the units digit of 338 + ((-2)/(-8) - 70/(-40))?
0
Let t = -171 + 567. Let d = t + -209. What is the tens digit of d?
8
Let h = 42 + -42. Suppose 5*o - 150 = 4*k, h*k = -2*k + 10. What is the tens digit of o?
3
Let i = -44 - -50. Let b(l) = 7*l - 22. What is the units digit of b(i)?
0
What is the thousands digit of (-1 + 0)*((-1 - 1819) + 5)?
1
Suppose -2*q + 37 = -25. Suppose 77 + q = 3*m. What is the tens digit of m?
3
Suppose 90 = f - 4*d - 0*d, -3*f + 277 = -5*d. Suppose -3*x = -8*m + 4*m - 334, x + 3*m - f = 0. What is the hundreds digit of x?
1
Let k = -79 + 232. What is the hundreds digit of k?
1
Suppose 0 = o + o. Suppose o*v = v - 5. Suppose 0*t - 90 = -v*t. What is the tens digit of t?
1
Suppose -u + 5*k + 32 = -3, 4*u = 3*k + 55. Suppose -3*x - 1 = -u. Suppose 3*n - n + 8 = 0, -x*d + 65 = 4*n. What is the units digit of d?
7
Let a = -134 + 137. Let j(l) = 24*l**2 - l. What is the tens digit of j(a)?
1
Let p(d) = -3*d - 3. Let g be p(-5). Suppose -4*y = -29 - 11. Let o = g - y. What is the units digit of o?
2
Let o(x) be the third derivative of -x**5/60 - 3*x**4/8 - x**3/6 - 4*x**2. Let r be o(-4). Suppose i + 0*i = r. What is the units digit of i?
9
Suppose 3*k = 4*m - 3*m + 58, 4*m + 266 = -5*k. What is the units digit of (2/(-1) - (m + -2)) + 0?
4
Suppose -5*s = x - 75, 0*s + s = -4*x - 4. Let y = 34 - s. Suppose y - 102 = -4*g. What is the tens digit of g?
2
Suppose 65*l = -c + 63*l + 1469, -5816 = -4*c + 4*l. What is the units digit of c?
9
Let c(a) = 412*a**3 - 4*a**2 + 5*a - 1. What is the units digit of c(1)?
2
Suppose 5*w - 579 = -g + 2743, -3*g = 3*w - 1986. Suppose -m - 4*m + w = 0. What is the hundreds digit of m?
1
Suppose 0 = 2*v + 3 - 11. Suppose v*i + 342 = 4*j + 2*i, -5*j + 405 = 2*i. What is the tens digit of j?
8
Suppose 15*q - 19*q = -492. Let t(j) = -q + 0*j + 137 - j. What is the units digit of t(10)?
4
Suppose 5*w = -0*w. Suppose w = -3*h + 24 + 570. Suppose 3*n = 4*t - 143, -5*t - 4*n - 27 = -h. What is the units digit of t?
5
Let f(c) = 336*c + 130. What is the units digit of f(2)?
2
Let w(v) = 2216*v**2 - 5*v + 3. What is the tens digit of w(1)?
1
What is the tens digit of (-4)/(7 + 5)*-4509?
0
Let y be 28/5 + 24/(-40). Suppose 13 = y*z - 17. Let d(u) = -u**2 + 8*u - 8. What is the units digit of d(z)?
4
Let r = -79 - -81. Let w = 2 - 0. Suppose 0*n - r = -w*n. What is the units digit of n?
1
Let a(x) = x**2 - x. Let o(c) = 4*c**2 + 4. Let y(n) = 3*n**2 - n + 5. Let m(